{"id":313,"date":"2023-12-21T20:02:02","date_gmt":"2023-12-21T23:02:02","guid":{"rendered":"https:\/\/perfilmax.com.br\/?page_id=313"},"modified":"2023-12-21T20:08:51","modified_gmt":"2023-12-21T23:08:51","slug":"espelhos","status":"publish","type":"page","link":"https:\/\/perfilmax.com.br\/?page_id=313","title":{"rendered":"Espelhos"},"content":{"rendered":"\t\t<div data-elementor-type=\"wp-page\" data-elementor-id=\"313\" class=\"elementor elementor-313\">\n\t\t\t\t\t\t\t\t\t<section class=\"elementor-section elementor-top-section elementor-element elementor-element-06c3d95 elementor-section-boxed elementor-section-height-default elementor-section-height-default\" data-id=\"06c3d95\" data-element_type=\"section\" data-settings=\"{&quot;background_background&quot;:&quot;classic&quot;}\">\n\t\t\t\t\t\t<div class=\"elementor-container elementor-column-gap-default\">\n\t\t\t\t\t<div class=\"elementor-column elementor-col-100 elementor-top-column elementor-element elementor-element-1bf1b0c\" data-id=\"1bf1b0c\" data-element_type=\"column\">\n\t\t\t<div class=\"elementor-widget-wrap elementor-element-populated\">\n\t\t\t\t\t\t\t\t<div class=\"elementor-element elementor-element-4a8902a elementor-widget elementor-widget-heading\" data-id=\"4a8902a\" data-element_type=\"widget\" data-widget_type=\"heading.default\">\n\t\t\t\t<div class=\"elementor-widget-container\">\n\t\t\t<style>\/*! elementor - v3.18.0 - 20-12-2023 *\/\n.elementor-heading-title{padding:0;margin:0;line-height:1}.elementor-widget-heading .elementor-heading-title[class*=elementor-size-]>a{color:inherit;font-size:inherit;line-height:inherit}.elementor-widget-heading .elementor-heading-title.elementor-size-small{font-size:15px}.elementor-widget-heading .elementor-heading-title.elementor-size-medium{font-size:19px}.elementor-widget-heading .elementor-heading-title.elementor-size-large{font-size:29px}.elementor-widget-heading .elementor-heading-title.elementor-size-xl{font-size:39px}.elementor-widget-heading .elementor-heading-title.elementor-size-xxl{font-size:59px}<\/style><h2 class=\"elementor-heading-title elementor-size-default\"><b>ESPELHOS<\/b><\/h2>\t\t<\/div>\n\t\t\t\t<\/div>\n\t\t\t\t<div class=\"elementor-element elementor-element-6513fc6 elementor-widget elementor-widget-spacer\" data-id=\"6513fc6\" data-element_type=\"widget\" data-widget_type=\"spacer.default\">\n\t\t\t\t<div class=\"elementor-widget-container\">\n\t\t\t<style>\/*! elementor - v3.18.0 - 20-12-2023 *\/\n.elementor-column .elementor-spacer-inner{height:var(--spacer-size)}.e-con{--container-widget-width:100%}.e-con-inner>.elementor-widget-spacer,.e-con>.elementor-widget-spacer{width:var(--container-widget-width,var(--spacer-size));--align-self:var(--container-widget-align-self,initial);--flex-shrink:0}.e-con-inner>.elementor-widget-spacer>.elementor-widget-container,.e-con>.elementor-widget-spacer>.elementor-widget-container{height:100%;width:100%}.e-con-inner>.elementor-widget-spacer>.elementor-widget-container>.elementor-spacer,.e-con>.elementor-widget-spacer>.elementor-widget-container>.elementor-spacer{height:100%}.e-con-inner>.elementor-widget-spacer>.elementor-widget-container>.elementor-spacer>.elementor-spacer-inner,.e-con>.elementor-widget-spacer>.elementor-widget-container>.elementor-spacer>.elementor-spacer-inner{height:var(--container-widget-height,var(--spacer-size))}.e-con-inner>.elementor-widget-spacer.elementor-widget-empty,.e-con>.elementor-widget-spacer.elementor-widget-empty{position:relative;min-height:22px;min-width:22px}.e-con-inner>.elementor-widget-spacer.elementor-widget-empty .elementor-widget-empty-icon,.e-con>.elementor-widget-spacer.elementor-widget-empty .elementor-widget-empty-icon{position:absolute;top:0;bottom:0;left:0;right:0;margin:auto;padding:0;width:22px;height:22px}<\/style>\t\t<div class=\"elementor-spacer\">\n\t\t\t<div class=\"elementor-spacer-inner\"><\/div>\n\t\t<\/div>\n\t\t\t\t<\/div>\n\t\t\t\t<\/div>\n\t\t\t\t\t<\/div>\n\t\t<\/div>\n\t\t\t\t\t\t\t<\/div>\n\t\t<\/section>\n\t\t\t\t<section class=\"elementor-section elementor-top-section elementor-element elementor-element-9282d17 elementor-section-boxed elementor-section-height-default elementor-section-height-default\" data-id=\"9282d17\" data-element_type=\"section\">\n\t\t\t\t\t\t<div class=\"elementor-container elementor-column-gap-default\">\n\t\t\t\t\t<div class=\"elementor-column elementor-col-100 elementor-top-column elementor-element elementor-element-20616da\" data-id=\"20616da\" data-element_type=\"column\">\n\t\t\t<div class=\"elementor-widget-wrap\">\n\t\t\t\t\t\t\t\t\t<\/div>\n\t\t<\/div>\n\t\t\t\t\t\t\t<\/div>\n\t\t<\/section>\n\t\t\t\t<section class=\"elementor-section elementor-top-section elementor-element elementor-element-d73b34b elementor-section-boxed elementor-section-height-default elementor-section-height-default\" data-id=\"d73b34b\" data-element_type=\"section\">\n\t\t\t\t\t\t<div class=\"elementor-container elementor-column-gap-default\">\n\t\t\t\t\t<div class=\"elementor-column elementor-col-100 elementor-top-column elementor-element elementor-element-b97e7e8\" data-id=\"b97e7e8\" data-element_type=\"column\">\n\t\t\t<div class=\"elementor-widget-wrap elementor-element-populated\">\n\t\t\t\t\t\t\t\t<div class=\"elementor-element elementor-element-5d97986 elementor-widget elementor-widget-heading\" data-id=\"5d97986\" data-element_type=\"widget\" data-widget_type=\"heading.default\">\n\t\t\t\t<div class=\"elementor-widget-container\">\n\t\t\t<h2 class=\"elementor-heading-title elementor-size-default\"><br><br>Os espelhos em m\u00f3veis planejados oferecem<br>uma sensa\u00e7\u00e3o de amplitude. J\u00e1 os espelhos com<br>luzes de LED agregam um toque moderno e funcional.<br><b><br>Aqui na Perfilmax, voc\u00ea encontra a<br>op\u00e7\u00e3o certa pro seu projeto!<\/b><\/h2>\t\t<\/div>\n\t\t\t\t<\/div>\n\t\t\t\t\t<\/div>\n\t\t<\/div>\n\t\t\t\t\t\t\t<\/div>\n\t\t<\/section>\n\t\t\t\t<section class=\"elementor-section elementor-top-section elementor-element elementor-element-a564e4e elementor-section-boxed elementor-section-height-default elementor-section-height-default\" data-id=\"a564e4e\" data-element_type=\"section\">\n\t\t\t\t\t\t<div class=\"elementor-container elementor-column-gap-default\">\n\t\t\t\t\t<div class=\"elementor-column elementor-col-100 elementor-top-column elementor-element elementor-element-34d3d53\" data-id=\"34d3d53\" data-element_type=\"column\">\n\t\t\t<div class=\"elementor-widget-wrap elementor-element-populated\">\n\t\t\t\t\t\t\t\t<div class=\"elementor-element elementor-element-f7f052c elementor-widget elementor-widget-image\" data-id=\"f7f052c\" data-element_type=\"widget\" data-widget_type=\"image.default\">\n\t\t\t\t<div class=\"elementor-widget-container\">\n\t\t\t<style>\/*! elementor - v3.18.0 - 20-12-2023 *\/\n.elementor-widget-image{text-align:center}.elementor-widget-image a{display:inline-block}.elementor-widget-image a img[src$=\".svg\"]{width:48px}.elementor-widget-image img{vertical-align:middle;display:inline-block}<\/style>\t\t\t\t\t\t\t\t\t\t\t\t<img decoding=\"async\" width=\"150\" height=\"150\" src=\"https:\/\/perfilmax.com.br\/wp-content\/uploads\/2023\/12\/Design-sem-nome-2023-12-21T195520.683-150x150.png\" class=\"attachment-thumbnail size-thumbnail wp-image-300\" alt=\"\" srcset=\"https:\/\/perfilmax.com.br\/wp-content\/uploads\/2023\/12\/Design-sem-nome-2023-12-21T195520.683-150x150.png 150w, https:\/\/perfilmax.com.br\/wp-content\/uploads\/2023\/12\/Design-sem-nome-2023-12-21T195520.683-300x300.png 300w, https:\/\/perfilmax.com.br\/wp-content\/uploads\/2023\/12\/Design-sem-nome-2023-12-21T195520.683-1024x1024.png 1024w, https:\/\/perfilmax.com.br\/wp-content\/uploads\/2023\/12\/Design-sem-nome-2023-12-21T195520.683-768x768.png 768w, https:\/\/perfilmax.com.br\/wp-content\/uploads\/2023\/12\/Design-sem-nome-2023-12-21T195520.683-1536x1536.png 1536w, https:\/\/perfilmax.com.br\/wp-content\/uploads\/2023\/12\/Design-sem-nome-2023-12-21T195520.683-2048x2048.png 2048w\" sizes=\"(max-width: 150px) 100vw, 150px\" \/>\t\t\t\t\t\t\t\t\t\t\t\t\t\t\t<\/div>\n\t\t\t\t<\/div>\n\t\t\t\t\t<\/div>\n\t\t<\/div>\n\t\t\t\t\t\t\t<\/div>\n\t\t<\/section>\n\t\t\t\t<section class=\"elementor-section elementor-top-section elementor-element elementor-element-fa224e3 elementor-section-boxed elementor-section-height-default elementor-section-height-default\" data-id=\"fa224e3\" data-element_type=\"section\">\n\t\t\t\t\t\t<div class=\"elementor-container elementor-column-gap-default\">\n\t\t\t\t\t<div class=\"elementor-column elementor-col-100 elementor-top-column elementor-element elementor-element-a5211c0\" data-id=\"a5211c0\" data-element_type=\"column\">\n\t\t\t<div class=\"elementor-widget-wrap\">\n\t\t\t\t\t\t\t\t\t<\/div>\n\t\t<\/div>\n\t\t\t\t\t\t\t<\/div>\n\t\t<\/section>\n\t\t\t\t<section class=\"elementor-section elementor-top-section elementor-element elementor-element-4d963bf elementor-section-boxed elementor-section-height-default elementor-section-height-default\" data-id=\"4d963bf\" data-element_type=\"section\">\n\t\t\t\t\t\t<div class=\"elementor-container elementor-column-gap-default\">\n\t\t\t\t\t<div class=\"elementor-column elementor-col-100 elementor-top-column elementor-element elementor-element-f8350c5\" data-id=\"f8350c5\" data-element_type=\"column\">\n\t\t\t<div class=\"elementor-widget-wrap elementor-element-populated\">\n\t\t\t\t\t\t\t\t<div class=\"elementor-element elementor-element-9b47d65 gallery-spacing-custom elementor-widget elementor-widget-image-gallery\" data-id=\"9b47d65\" data-element_type=\"widget\" data-widget_type=\"image-gallery.default\">\n\t\t\t\t<div class=\"elementor-widget-container\">\n\t\t\t<style>\/*! elementor - v3.18.0 - 20-12-2023 *\/\n.elementor-image-gallery .gallery-item{display:inline-block;text-align:center;vertical-align:top;width:100%;max-width:100%;margin:0 auto}.elementor-image-gallery .gallery-item img{margin:0 auto}.elementor-image-gallery .gallery-item .gallery-caption{margin:0}.elementor-image-gallery figure img{display:block}.elementor-image-gallery figure figcaption{width:100%}.gallery-spacing-custom .elementor-image-gallery .gallery-icon{padding:0}@media (min-width:768px){.elementor-image-gallery .gallery-columns-2 .gallery-item{max-width:50%}.elementor-image-gallery .gallery-columns-3 .gallery-item{max-width:33.33%}.elementor-image-gallery .gallery-columns-4 .gallery-item{max-width:25%}.elementor-image-gallery .gallery-columns-5 .gallery-item{max-width:20%}.elementor-image-gallery .gallery-columns-6 .gallery-item{max-width:16.666%}.elementor-image-gallery .gallery-columns-7 .gallery-item{max-width:14.28%}.elementor-image-gallery .gallery-columns-8 .gallery-item{max-width:12.5%}.elementor-image-gallery .gallery-columns-9 .gallery-item{max-width:11.11%}.elementor-image-gallery .gallery-columns-10 .gallery-item{max-width:10%}}@media (min-width:480px) and (max-width:767px){.elementor-image-gallery .gallery.gallery-columns-2 .gallery-item,.elementor-image-gallery .gallery.gallery-columns-3 .gallery-item,.elementor-image-gallery .gallery.gallery-columns-4 .gallery-item,.elementor-image-gallery .gallery.gallery-columns-5 .gallery-item,.elementor-image-gallery .gallery.gallery-columns-6 .gallery-item,.elementor-image-gallery .gallery.gallery-columns-7 .gallery-item,.elementor-image-gallery .gallery.gallery-columns-8 .gallery-item,.elementor-image-gallery .gallery.gallery-columns-9 .gallery-item,.elementor-image-gallery .gallery.gallery-columns-10 .gallery-item{max-width:50%}}@media (max-width:479px){.elementor-image-gallery .gallery.gallery-columns-2 .gallery-item,.elementor-image-gallery .gallery.gallery-columns-3 .gallery-item,.elementor-image-gallery .gallery.gallery-columns-4 .gallery-item,.elementor-image-gallery .gallery.gallery-columns-5 .gallery-item,.elementor-image-gallery .gallery.gallery-columns-6 .gallery-item,.elementor-image-gallery .gallery.gallery-columns-7 .gallery-item,.elementor-image-gallery .gallery.gallery-columns-8 .gallery-item,.elementor-image-gallery .gallery.gallery-columns-9 .gallery-item,.elementor-image-gallery .gallery.gallery-columns-10 .gallery-item{max-width:100%}}<\/style>\t\t<div class=\"elementor-image-gallery\">\n\t\t\t<div id='gallery-1' class='gallery galleryid-313 gallery-columns-3 gallery-size-medium'><figure class='gallery-item'>\n\t\t\t<div class='gallery-icon landscape'>\n\t\t\t\t<a data-elementor-open-lightbox=\"yes\" data-elementor-lightbox-slideshow=\"9b47d65\" data-elementor-lightbox-title=\"Prancheta 1\" data-e-action-hash=\"#elementor-action%3Aaction%3Dlightbox%26settings%3DeyJpZCI6MzE1LCJ1cmwiOiJodHRwczpcL1wvcGVyZmlsbWF4LmNvbS5iclwvd3AtY29udGVudFwvdXBsb2Fkc1wvMjAyM1wvMTJcL1ByYW5jaGV0YS0xLnBuZyIsInNsaWRlc2hvdyI6IjliNDdkNjUifQ%3D%3D\" href='https:\/\/perfilmax.com.br\/wp-content\/uploads\/2023\/12\/Prancheta-1.png'><img fetchpriority=\"high\" decoding=\"async\" width=\"300\" height=\"300\" src=\"https:\/\/perfilmax.com.br\/wp-content\/uploads\/2023\/12\/Prancheta-1-300x300.png\" class=\"attachment-medium size-medium\" alt=\"\" srcset=\"https:\/\/perfilmax.com.br\/wp-content\/uploads\/2023\/12\/Prancheta-1-300x300.png 300w, https:\/\/perfilmax.com.br\/wp-content\/uploads\/2023\/12\/Prancheta-1-1024x1024.png 1024w, https:\/\/perfilmax.com.br\/wp-content\/uploads\/2023\/12\/Prancheta-1-150x150.png 150w, https:\/\/perfilmax.com.br\/wp-content\/uploads\/2023\/12\/Prancheta-1-768x768.png 768w, https:\/\/perfilmax.com.br\/wp-content\/uploads\/2023\/12\/Prancheta-1.png 1080w\" sizes=\"(max-width: 300px) 100vw, 300px\" \/><\/a>\n\t\t\t<\/div><\/figure><figure class='gallery-item'>\n\t\t\t<div class='gallery-icon landscape'>\n\t\t\t\t<a data-elementor-open-lightbox=\"yes\" data-elementor-lightbox-slideshow=\"9b47d65\" data-elementor-lightbox-title=\"Prancheta 2\" data-e-action-hash=\"#elementor-action%3Aaction%3Dlightbox%26settings%3DeyJpZCI6MzE2LCJ1cmwiOiJodHRwczpcL1wvcGVyZmlsbWF4LmNvbS5iclwvd3AtY29udGVudFwvdXBsb2Fkc1wvMjAyM1wvMTJcL1ByYW5jaGV0YS0yLnBuZyIsInNsaWRlc2hvdyI6IjliNDdkNjUifQ%3D%3D\" href='https:\/\/perfilmax.com.br\/wp-content\/uploads\/2023\/12\/Prancheta-2.png'><img decoding=\"async\" width=\"300\" height=\"300\" src=\"https:\/\/perfilmax.com.br\/wp-content\/uploads\/2023\/12\/Prancheta-2-300x300.png\" class=\"attachment-medium size-medium\" alt=\"\" srcset=\"https:\/\/perfilmax.com.br\/wp-content\/uploads\/2023\/12\/Prancheta-2-300x300.png 300w, https:\/\/perfilmax.com.br\/wp-content\/uploads\/2023\/12\/Prancheta-2-1024x1024.png 1024w, https:\/\/perfilmax.com.br\/wp-content\/uploads\/2023\/12\/Prancheta-2-150x150.png 150w, https:\/\/perfilmax.com.br\/wp-content\/uploads\/2023\/12\/Prancheta-2-768x768.png 768w, https:\/\/perfilmax.com.br\/wp-content\/uploads\/2023\/12\/Prancheta-2.png 1080w\" sizes=\"(max-width: 300px) 100vw, 300px\" \/><\/a>\n\t\t\t<\/div><\/figure><figure class='gallery-item'>\n\t\t\t<div class='gallery-icon landscape'>\n\t\t\t\t<a data-elementor-open-lightbox=\"yes\" data-elementor-lightbox-slideshow=\"9b47d65\" data-elementor-lightbox-title=\"Prancheta 3\" data-e-action-hash=\"#elementor-action%3Aaction%3Dlightbox%26settings%3DeyJpZCI6MzE3LCJ1cmwiOiJodHRwczpcL1wvcGVyZmlsbWF4LmNvbS5iclwvd3AtY29udGVudFwvdXBsb2Fkc1wvMjAyM1wvMTJcL1ByYW5jaGV0YS0zLnBuZyIsInNsaWRlc2hvdyI6IjliNDdkNjUifQ%3D%3D\" href='https:\/\/perfilmax.com.br\/wp-content\/uploads\/2023\/12\/Prancheta-3.png'><img loading=\"lazy\" decoding=\"async\" width=\"300\" height=\"300\" src=\"https:\/\/perfilmax.com.br\/wp-content\/uploads\/2023\/12\/Prancheta-3-300x300.png\" class=\"attachment-medium size-medium\" alt=\"\" srcset=\"https:\/\/perfilmax.com.br\/wp-content\/uploads\/2023\/12\/Prancheta-3-300x300.png 300w, https:\/\/perfilmax.com.br\/wp-content\/uploads\/2023\/12\/Prancheta-3-1024x1024.png 1024w, https:\/\/perfilmax.com.br\/wp-content\/uploads\/2023\/12\/Prancheta-3-150x150.png 150w, https:\/\/perfilmax.com.br\/wp-content\/uploads\/2023\/12\/Prancheta-3-768x768.png 768w, https:\/\/perfilmax.com.br\/wp-content\/uploads\/2023\/12\/Prancheta-3.png 1080w\" sizes=\"(max-width: 300px) 100vw, 300px\" \/><\/a>\n\t\t\t<\/div><\/figure><figure class='gallery-item'>\n\t\t\t<div class='gallery-icon landscape'>\n\t\t\t\t<a data-elementor-open-lightbox=\"yes\" data-elementor-lightbox-slideshow=\"9b47d65\" data-elementor-lightbox-title=\"Prancheta 4\" data-e-action-hash=\"#elementor-action%3Aaction%3Dlightbox%26settings%3DeyJpZCI6MzE4LCJ1cmwiOiJodHRwczpcL1wvcGVyZmlsbWF4LmNvbS5iclwvd3AtY29udGVudFwvdXBsb2Fkc1wvMjAyM1wvMTJcL1ByYW5jaGV0YS00LnBuZyIsInNsaWRlc2hvdyI6IjliNDdkNjUifQ%3D%3D\" href='https:\/\/perfilmax.com.br\/wp-content\/uploads\/2023\/12\/Prancheta-4.png'><img loading=\"lazy\" decoding=\"async\" width=\"300\" height=\"300\" src=\"https:\/\/perfilmax.com.br\/wp-content\/uploads\/2023\/12\/Prancheta-4-300x300.png\" class=\"attachment-medium size-medium\" alt=\"\" srcset=\"https:\/\/perfilmax.com.br\/wp-content\/uploads\/2023\/12\/Prancheta-4-300x300.png 300w, https:\/\/perfilmax.com.br\/wp-content\/uploads\/2023\/12\/Prancheta-4-1024x1024.png 1024w, https:\/\/perfilmax.com.br\/wp-content\/uploads\/2023\/12\/Prancheta-4-150x150.png 150w, https:\/\/perfilmax.com.br\/wp-content\/uploads\/2023\/12\/Prancheta-4-768x768.png 768w, https:\/\/perfilmax.com.br\/wp-content\/uploads\/2023\/12\/Prancheta-4.png 1080w\" sizes=\"(max-width: 300px) 100vw, 300px\" \/><\/a>\n\t\t\t<\/div><\/figure><figure class='gallery-item'>\n\t\t\t<div class='gallery-icon landscape'>\n\t\t\t\t<a data-elementor-open-lightbox=\"yes\" data-elementor-lightbox-slideshow=\"9b47d65\" data-elementor-lightbox-title=\"3(19)\" data-e-action-hash=\"#elementor-action%3Aaction%3Dlightbox%26settings%3DeyJpZCI6MTAzLCJ1cmwiOiJodHRwczpcL1wvcGVyZmlsbWF4LmNvbS5iclwvd3AtY29udGVudFwvdXBsb2Fkc1wvMjAyM1wvMDhcLzMxOS0xLnBuZyIsInNsaWRlc2hvdyI6IjliNDdkNjUifQ%3D%3D\" href='https:\/\/perfilmax.com.br\/wp-content\/uploads\/2023\/08\/319-1.png'><img loading=\"lazy\" decoding=\"async\" width=\"300\" height=\"300\" src=\"https:\/\/perfilmax.com.br\/wp-content\/uploads\/2023\/08\/319-1-300x300.png\" class=\"attachment-medium size-medium\" alt=\"\" srcset=\"https:\/\/perfilmax.com.br\/wp-content\/uploads\/2023\/08\/319-1-300x300.png 300w, https:\/\/perfilmax.com.br\/wp-content\/uploads\/2023\/08\/319-1-1024x1024.png 1024w, https:\/\/perfilmax.com.br\/wp-content\/uploads\/2023\/08\/319-1-150x150.png 150w, https:\/\/perfilmax.com.br\/wp-content\/uploads\/2023\/08\/319-1-768x768.png 768w, https:\/\/perfilmax.com.br\/wp-content\/uploads\/2023\/08\/319-1-1536x1536.png 1536w, https:\/\/perfilmax.com.br\/wp-content\/uploads\/2023\/08\/319-1.png 1620w\" sizes=\"(max-width: 300px) 100vw, 300px\" \/><\/a>\n\t\t\t<\/div><\/figure><figure class='gallery-item'>\n\t\t\t<div class='gallery-icon landscape'>\n\t\t\t\t<a data-elementor-open-lightbox=\"yes\" data-elementor-lightbox-slideshow=\"9b47d65\" data-elementor-lightbox-title=\"12(4)\" data-e-action-hash=\"#elementor-action%3Aaction%3Dlightbox%26settings%3DeyJpZCI6MTAwLCJ1cmwiOiJodHRwczpcL1wvcGVyZmlsbWF4LmNvbS5iclwvd3AtY29udGVudFwvdXBsb2Fkc1wvMjAyM1wvMDhcLzEyNC0xLnBuZyIsInNsaWRlc2hvdyI6IjliNDdkNjUifQ%3D%3D\" href='https:\/\/perfilmax.com.br\/wp-content\/uploads\/2023\/08\/124-1.png'><img loading=\"lazy\" decoding=\"async\" width=\"300\" height=\"300\" src=\"https:\/\/perfilmax.com.br\/wp-content\/uploads\/2023\/08\/124-1-300x300.png\" class=\"attachment-medium size-medium\" alt=\"\" srcset=\"https:\/\/perfilmax.com.br\/wp-content\/uploads\/2023\/08\/124-1-300x300.png 300w, https:\/\/perfilmax.com.br\/wp-content\/uploads\/2023\/08\/124-1-1024x1024.png 1024w, https:\/\/perfilmax.com.br\/wp-content\/uploads\/2023\/08\/124-1-150x150.png 150w, https:\/\/perfilmax.com.br\/wp-content\/uploads\/2023\/08\/124-1-768x768.png 768w, https:\/\/perfilmax.com.br\/wp-content\/uploads\/2023\/08\/124-1-1536x1536.png 1536w, https:\/\/perfilmax.com.br\/wp-content\/uploads\/2023\/08\/124-1.png 1620w\" sizes=\"(max-width: 300px) 100vw, 300px\" \/><\/a>\n\t\t\t<\/div><\/figure>\n\t\t<\/div>\n\t\t<\/div>\n\t\t\t\t<\/div>\n\t\t\t\t<\/div>\n\t\t\t\t<div class=\"elementor-element elementor-element-ed64671 elementor-widget elementor-widget-spacer\" data-id=\"ed64671\" data-element_type=\"widget\" data-widget_type=\"spacer.default\">\n\t\t\t\t<div class=\"elementor-widget-container\">\n\t\t\t\t\t<div class=\"elementor-spacer\">\n\t\t\t<div class=\"elementor-spacer-inner\"><\/div>\n\t\t<\/div>\n\t\t\t\t<\/div>\n\t\t\t\t<\/div>\n\t\t\t\t\t<\/div>\n\t\t<\/div>\n\t\t\t\t\t\t\t<\/div>\n\t\t<\/section>\n\t\t\t\t<section class=\"elementor-section elementor-top-section elementor-element elementor-element-cca254d elementor-section-boxed elementor-section-height-default elementor-section-height-default\" data-id=\"cca254d\" data-element_type=\"section\" data-settings=\"{&quot;background_background&quot;:&quot;classic&quot;}\">\n\t\t\t\t\t\t<div class=\"elementor-container elementor-column-gap-default\">\n\t\t\t\t\t<div class=\"elementor-column elementor-col-100 elementor-top-column elementor-element elementor-element-5f01a7c\" data-id=\"5f01a7c\" data-element_type=\"column\">\n\t\t\t<div class=\"elementor-widget-wrap elementor-element-populated\">\n\t\t\t\t\t\t\t\t<div class=\"elementor-element elementor-element-f91048d elementor-widget elementor-widget-heading\" data-id=\"f91048d\" data-element_type=\"widget\" data-widget_type=\"heading.default\">\n\t\t\t\t<div class=\"elementor-widget-container\">\n\t\t\t<h2 class=\"elementor-heading-title elementor-size-default\"><br><br>Fale com a gente<br>e fa\u00e7a seu pedido.<br><br><\/h2>\t\t<\/div>\n\t\t\t\t<\/div>\n\t\t\t\t<div class=\"elementor-element elementor-element-1ff0a17 elementor-align-center elementor-widget elementor-widget-button\" data-id=\"1ff0a17\" data-element_type=\"widget\" data-widget_type=\"button.default\">\n\t\t\t\t<div class=\"elementor-widget-container\">\n\t\t\t\t\t<div class=\"elementor-button-wrapper\">\n\t\t\t<a class=\"elementor-button elementor-button-link elementor-size-sm\" href=\"#\">\n\t\t\t\t\t\t<span class=\"elementor-button-content-wrapper\">\n\t\t\t\t\t\t<span class=\"elementor-button-text\">Clique aqui<\/span>\n\t\t<\/span>\n\t\t\t\t\t<\/a>\n\t\t<\/div>\n\t\t\t\t<\/div>\n\t\t\t\t<\/div>\n\t\t\t\t<div class=\"elementor-element elementor-element-112f95e elementor-widget elementor-widget-spacer\" data-id=\"112f95e\" data-element_type=\"widget\" data-widget_type=\"spacer.default\">\n\t\t\t\t<div class=\"elementor-widget-container\">\n\t\t\t\t\t<div class=\"elementor-spacer\">\n\t\t\t<div class=\"elementor-spacer-inner\"><\/div>\n\t\t<\/div>\n\t\t\t\t<\/div>\n\t\t\t\t<\/div>\n\t\t\t\t\t<\/div>\n\t\t<\/div>\n\t\t\t\t\t\t\t<\/div>\n\t\t<\/section>\n\t\t\t\t<section class=\"elementor-section elementor-top-section elementor-element elementor-element-db5fa7f elementor-section-boxed elementor-section-height-default elementor-section-height-default\" data-id=\"db5fa7f\" data-element_type=\"section\">\n\t\t\t\t\t\t<div class=\"elementor-container elementor-column-gap-default\">\n\t\t\t\t\t<div class=\"elementor-column elementor-col-100 elementor-top-column elementor-element elementor-element-a8983b4\" data-id=\"a8983b4\" data-element_type=\"column\">\n\t\t\t<div class=\"elementor-widget-wrap elementor-element-populated\">\n\t\t\t\t\t\t\t\t<div class=\"elementor-element elementor-element-c9c4d13 elementor-widget elementor-widget-spacer\" data-id=\"c9c4d13\" data-element_type=\"widget\" data-widget_type=\"spacer.default\">\n\t\t\t\t<div class=\"elementor-widget-container\">\n\t\t\t\t\t<div class=\"elementor-spacer\">\n\t\t\t<div class=\"elementor-spacer-inner\"><\/div>\n\t\t<\/div>\n\t\t\t\t<\/div>\n\t\t\t\t<\/div>\n\t\t\t\t\t<\/div>\n\t\t<\/div>\n\t\t\t\t\t\t\t<\/div>\n\t\t<\/section>\n\t\t\t\t\t\t\t<\/div>\n\t\t","protected":false},"excerpt":{"rendered":"<p>ESPELHOS Os espelhos em m\u00f3veis planejados oferecemuma sensa\u00e7\u00e3o de amplitude. J\u00e1 os espelhos comluzes de LED agregam um toque moderno e funcional.Aqui na Perfilmax, voc\u00ea encontra aop\u00e7\u00e3o certa pro seu projeto! Fale com a gentee fa\u00e7a seu pedido. Clique aqui<\/p>\n","protected":false},"author":1,"featured_media":0,"parent":0,"menu_order":0,"comment_status":"closed","ping_status":"closed","template":"","meta":{"_monsterinsights_skip_tracking":false,"_monsterinsights_sitenote_active":false,"_monsterinsights_sitenote_note":"","_monsterinsights_sitenote_category":0,"footnotes":""},"jetpack_sharing_enabled":true,"_links":{"self":[{"href":"https:\/\/perfilmax.com.br\/index.php?rest_route=\/wp\/v2\/pages\/313"}],"collection":[{"href":"https:\/\/perfilmax.com.br\/index.php?rest_route=\/wp\/v2\/pages"}],"about":[{"href":"https:\/\/perfilmax.com.br\/index.php?rest_route=\/wp\/v2\/types\/page"}],"author":[{"embeddable":true,"href":"https:\/\/perfilmax.com.br\/index.php?rest_route=\/wp\/v2\/users\/1"}],"replies":[{"embeddable":true,"href":"https:\/\/perfilmax.com.br\/index.php?rest_route=%2Fwp%2Fv2%2Fcomments&post=313"}],"version-history":[{"count":13,"href":"https:\/\/perfilmax.com.br\/index.php?rest_route=\/wp\/v2\/pages\/313\/revisions"}],"predecessor-version":[{"id":330,"href":"https:\/\/perfilmax.com.br\/index.php?rest_route=\/wp\/v2\/pages\/313\/revisions\/330"}],"wp:attachment":[{"href":"https:\/\/perfilmax.com.br\/index.php?rest_route=%2Fwp%2Fv2%2Fmedia&parent=313"}],"curies":[{"name":"wp","href":"https:\/\/api.w.org\/{rel}","templated":true}]}}